at is the value of -18 + 4 + -7 + (3 - -1)?
-17
2 - (13 - 14 - 8)
11
Evaluate 17 + 2 + -3 + -1 + 2 + -6.
11
Calculate -17 + -1 + 1 + 5.
-12
What is -21 - 1 - (136 - 147) - (-1 + 3)?
-13
-1 - (-2 + 12 + -18 + -2)
9
What is 1 - -28 - (1735 + -1686)?
-20
Calculate 0 + (15 - (2 + -11)).
24
What is the value of -5 - (7 - 12) - (1 + 6) - -12?
5
Calculate -1 + -4 + (31 - -4 - 7 - -4).
27
Calculate (-12 + 5 - -16) + -18.
-9
What is the value of 30 + (-53 - -19 - -14)?
10
Calculate (-20 - (-17 - (-13 - -8))) + 0 + -9.
-17
What is the value of 1 + 21 + (-29 - (-44 + 19))?
18
Evaluate (-1 - 0 - (18 - 30)) + 4.
15
-21 + (-1 + (-10 - -1) - -9) + -8
-30
(27 - -8) + -1 + -12
22
(1 + 6 - (8 - 5)) + -8 + 5
1
Evaluate -16 - ((24 - 45) + -1).
6
Calculate 11 + 15 + -96 + 38.
-32
What is the value of 37 - 9 - 3 - 6?
19
(21 - 39 - -21) + 4 + (-19 - 0)
-12
What is (-5 + (12 - -4) - 28) + -2?
-19
Evaluate -24 + 46 + -9 - (-1 + -3 + 1).
16
Evaluate 2 + 26 - (-12 - -28).
12
What is the value of -62 + (-4 - -32) - -22?
-12
What is the value of 1 + 2 + -4 - 10 - (-223 - -178)?
34
-2 + 0 + 5 + -14 + 14
3
Evaluate 8 + (-3 - -14 - 10).
9
Evaluate -132 + 84 + 2 + 23.
-23
Calculate 6 - (-2 + 0 + (-21 - (-2 + -9))).
18
23 + -45 - (-7 + -2 - (-6 + 5))
-14
What is (-13 - -10) + 1 + (1 - -4)?
3
Evaluate (-13 - (2 + -13)) + 11 + 1.
10
What is the value of -24 + (1 - (12 - 24))?
-11
Evaluate -22 - (29 - 25 - 17).
-9
What is 32 + -9 + -30 + -6?
-13
Evaluate -1 + 4 + -2 + -1 + -4 - 8.
-12
What is the value of 20 - (14 + -8) - 29?
-15
What is the value of 4 - (1 - 1 - (3 - 17))?
-10
Evaluate 0 + 12 - (-18 + -2 + -198 + 226).
4
Calculate 60 + -60 + (-6 - 12).
-18
What is the value of 69 - 28 - 40 - 27?
-26
-5 - ((6 - 35 - 0) + 14)
10
What is the value of -26 - (9 + -21) - (4 - (2 - 1))?
-17
What is the value of 3 - (2 + -1) - (3 + -6)?
5
What is (-8 - -15 - 9) + 12?
10
(-29 + 10 - -25) + 5
11
(69 - (52 - 18)) + -28
7
Calculate (-2 - 5) + 14 + (-5 - (-18 - 1)).
21
Calculate 18 + -13 - (2 - (-3 - (3 - 0))).
-3
What is -33 + 73 + -4 + 4 + -8?
32
What is (-6 - -7) + (-23 - -10) + 25?
13
Evaluate -7 + 0 - (3 - (18 + -3)).
5
What is (-9 + 9 - (-10 + -1)) + 34 + -35?
10
What is (4 - (20 - (2 + -1))) + (3 - 1)?
-13
Evaluate 13 - -2 - (157 + -130).
-12
What is 30 - ((-14 - -15) + 4)?
25
(-2 - (2 - 0)) + (-19 - (14 - 29))
-8
Evaluate -6 + 3 + -6 - -13 - -8.
12
11 - -6 - (8 + -26 + 11)
24
-26 + 36 - (-2 - -9) - 0
3
1 - -13 - (-22 + 34)
2
7 - (2 + (-6 - -6) + 3 + -13)
15
What is the value of -4 - (16 - (-6 + -6))?
-32
What is (8 + 0 - (-224 - -227)) + 13?
18
(-3 - (17 - 25)) + 26 + (-2 - -4)
33
(5 + (-14 - -25) - (-1 - -6)) + 8
19
What is the value of 1 + -2 - -2 - (87 - (114 + -2))?
26
Evaluate (0 - 4) + 0 - 4 - -4.
-4
What is the value of (1 - -3 - 25) + (27 - 21) + 5?
-10
What is the value of 4 + (4 - (-2 - (2 - (-1 - 18))))?
31
27 - ((-19 - -50) + -24)
20
Evaluate 0 - (36 - 37) - (1 + -4).
4
Evaluate -2 - ((-28 - (-1 + -3)) + 8).
14
Calculate -1 - (2 - (-2 + (9 - 7) + 4)).
1
What is -2 + -22 + 25 - 8?
-7
Evaluate 7 - (1 + (4 - (-2 - -12)) - -9).
3
3501 + -3485 - (3 + (-1 - (2 + -1)))
15
Evaluate 13 + (-7 - 5) - (9 + -17).
9
What is the value of 7 + -6 + 1 + 4 + (10 - 8)?
8
Calculate (4 - (12 + -1)) + (-9 - (0 - 3)).
-13
What is (5 + 0 + 34 - 13) + -8?
18
Evaluate 5 + -5 - 6 - (29 - 30).
-5
Evaluate (1 - (-2 + 3 - 12)) + (18 - 20).
10
What is -8 - (-11 + 9 - 14)?
8
What is 1 + -8 + (2 + -1 + -5 - 1)?
-12
Calculate -7 + -5 + 11 + -4 + 20 + -3.
12
What is -35 + (2 - -4) + 22?
-7
What is (8 - -28) + -1 + -28?
7
What is the value of -2 + (-1 + (6 - 8 - 4) - 3)?
-12
Calculate -9 + (3 - (-3 - (-1 - -2))).
-2
Evaluate 10 - (161 - 167 - (2 + -16)).
2
Evaluate -369 + 364 + (-5 - (-2 + (3 - -1))).
-12
Calculate -19 - -3 - (-25 - -41).
-32
(-2 + 1 - -3) + (-87 - -53) + 26
-6
What is 81 + -80 - (-2 + 2 + -14)?
15
Evaluate 14 - -1 - (-15 - (13 + -34)) - -3.
12
What is 0 + 5 + (4 - -1) + (-2 - 20)?
-12
What is (-2 - -10) + (10 + -23 - -6)?
1
What is 32 + 1 - (-112 + 117)?
28
What is (6 - 4) + -3 + -10 + 15 - -5?
9
What is the value of -1678 - -1681 - (-22 + -2 + 2)?
25
-34 + 26 + -3 + 3 + 21
13
Calculate -21 + (31 - -12) - 12.
10
Calculate 12 - (7 - 2) - (-2 + -8 + 9).
8
What is 8 + (-13 - -6) - -9?
10
Calculate 4 + (6 - 15 - (1 + -4) - -2).
0
What is 0 - (-20 + (13 - (16 + -12 + -2)))?
9
Evaluate 28 + -29 + 0 + -8 - -25.
16
(17 - (-7 + 10)) + (76 - 127)
-37
What is (0 - -2 - 5 - -1) + (4 - 16)?
-14
Calculate (-12 + 6 - (0 - 0)) + 16.
10
What is the value of -24 - (-7 + -7 + (10 - (-6 + 12)))?
-14
What is the value of -9 - (-22 + 13 + -11)?
11
Calculate 10 - (7 - (0 - 7)) - (-1 + -9).
6
-19 - -21 - -12 - 27
-13
Evaluate (-55 + 24 - -28) + 0 + -9.
-12
What is (-1 + 20 - (39 - 29)) + 6?
15
What is the value of -10 + -3 - (1 - 23)?
9
Evaluate 4 + -2 + (-10 + -9 - -12).
-5
What is (6 - -3) + (11 + -12 - -10) + -19?
-1
What is the value of -12 + (48 - (21 - 3))?
18
What is the value of -5 - (3 + -4 - (2 - (5 - 12)))?
5
Calculate -7 + 34 + -27 + (3 - 3) + 16.
16
-8 + -4 + (35 - 20)
3
Calculate -6 + (3 - 3) + 7 + -9 + -3.
-11
Calculate 22 + 3 + -30 - (3 + 0 + -3).
-5
Evaluate -9 - -1 - (-290 - -284) - -9.
7
What is 3 + -5 + -3 + 1 + (78 - 76)?
-2
43 - 36 - (-4 - (-4 + 2))
9
What is the value of 21 - (23 + -10) - (-5 + 10)?
3
Calculate 9 - 4 - (1 + (1 - -2)).
1
Evaluate -6 - (-29 - -13) - 27.
-17
Calculate -4 - 20 - -10 - -14 - 9.
-9
What is the value of -20 - (-33 + 17 + 0)?
-4
-15 + -4 + 9 + -4 + -15
-29
What is (-2 - (9 + -13) - 1) + (-3 - 0)?
-2
(6 + -9 + -16 - (16 + -16)) + 7
-12
Evaluate (28 + -39 - -33) + -3.
19
What is 31 + 4 + 367 + -378?
24
What is 19 + 6 + (-10 - -4)?
19
What is the value of -3 - -2 - -2 - (4 + -1) - 3?
-5
Evaluate (9 - 17) + 32 - 15.
9
Evaluate 22 + (17 - 18) + -53.
-32
What is the value of (-6 - -3 - (2 + -7)) + 2?
4
What is 10 - (4 - -1 - 6)?
11
Calculate -24 - (-9 - (-6 - -7)) - -5 - -9.
0
Calculate -15 - (29 + -26) - ((1 - 3) + 11).
-27
What is the value of 7 + 8 + -2 + 2 + -8?
7
What is -1 + 0 + -29 + -92 + 98?
-24
Evaluate (3 - (2 + -13 - (-17 + -3))) + 38.
32
Calculate (1 - -6) + 0 - (-27 + 6 - -20).
8
(1 - -1) + ((-25 - -12) + 3 - 2)
-10
-21 + 23 - ((6 - (7 + -4)) + -29)
28
What is -2 - (-8 + 0 + 6)?
0
(2 + 4 - -3) + (0 - (7 - -19))
-17
What is the value of -6 + (1 + -5 - (-15 - -10))?
-5
What is (-1 - -15) + (-83 - -35 - -41)?
7
What is -7 - ((1 - -3) + 1) - -30?
18
Calculate (-1 - 2 - 3) + (1061 - 1061).
-6
Evaluate -16 - (-60 + 20 + -9).
33
Evaluate (4 - 2) + (29 + -12 - 29).
-10
What is the value of -14 + (1 - (-18 - -6) - (18 + -12))?
-7
Evaluate (-8 - -12 - -2 - 6) + -18 - -8.
-10
What is the value of 5 - (-3 - (-2 + 3)) - -6?
15
-23 + (-10 - (-12 - 16))
-5
(-11 - -2) + (33 - 16)
8
What is 1 + -20 + -18 + 21?
-16
What is 3 - -2 - (1 + (-8 - 0)) - 1?
11
Calculate (0 - -2) + 63 + -67 + 1 + 0.
-1
-10 - (-1 + -1 + -3 + 0)
-5
What is the value of 12 - (12 + (1 - -3)) - -27?
23
Calculate 11 + -2 + 3 - 1.
11
What is -32 - (-31 - -6) - (-18 - 0)?
11
1 - 9 - ((-3 - 13) + 15)
-7
Evaluate 41 + -29 + (10 - (-1 + -3)) + -5.
21
What is 25 + -51 + 7 + -3?
-22
What is the value of 2 + 5 - (22 - (6 + 17))?
8
Calculate -17 + (-8 - (7 + -17)).
-15
(11 - 5) + -5 - (-4 + 6 + 0)
-1
What is the value of 9 + (-5 - 3) - -4?
5
Evaluate -18 - (-8 + -7) - (-11 + (-1 - -1)).
8
What is 0 - (0 - -4) - (-141 - -138)?
-1
Calculate -52 - (-46 - -21 - 10).
-17
(14 + -8 - 17) + 10 + -2 + -3
-6
Evaluate -1 - 11 - (26 + -29) - -11.
2
What is the value of -9 + (-3 - (26 - 7) - (-1 - 4))?
-26
What is the value of (20 - 26) + 2 + 16 + -3 + -7?
2
7 + (-13 - -20 - 6)
8
Calculate (-2 - -44) + (-27 - -11 - -2).
28
Calculate -1 + -7 + (-6 - -12) + 2 + -6.
-6
-2 + 7 - (17 + -10 - -5)
-7
Evaluate 6 - 5 - ((8 - 1) + (-5 - 0)).
-1
Calculate (-4 - (-8 - -19)) + 20 + -28.
-23
What is the value of -1 + (-10 - 2) + 6 - 0?
-7
Calculate 4 + (-20 - (-14 - -6) - -5).
-3
What is the value of (-34 - -15 - -26) + -9?
-2
What is the value of (8 - 0) + (5 - (26 + (-17 - -2)))?
2
Calculate 1 + 25 - (820 - 795).
1
-10 + (-6 - 1 - ((-20 - 21) + 27))
-3
Evaluate -1 + 3 + 7 + -18 + 3.
-6
What is the value of -13 + 12 + -3 + 17 + -29?
-16
5 + -10 + 2 + (-8 - -5)
-6
15 - -3 - (17 + 20 - 36)
17
Evaluate 13 + 20 + -61 - -54.
26
Calculate (